 + 0 + 4 + 5?
2
What is (12 - (-7 - -6)) + -24?
-11
-51 + 56 - (1 - -5)
-1
What is 1 + -3 + -1 + (-112 - -117)?
2
What is 2 + (2 - (-2 + 1))?
5
What is (-2 - -2) + -2 - 2?
-4
Calculate -1 + 9 - (-223 - -227).
4
Calculate -7 - (0 - -2 - (-1 - -5)).
-5
Evaluate (3 - 4) + (-1 - 5) + 10.
3
What is -9 - (0 - 4) - -5?
0
What is the value of (-2 - -3) + 3 - (12 + -6)?
-2
Evaluate 1 + -1 + -2 + -2 + 3.
-1
What is the value of -4 - ((-8 - 1) + 3 + 1)?
1
What is the value of -2 + (5 - 0 - (-1 - 0))?
4
Evaluate -1 + -1 - (14 + -16).
0
Calculate 10 - (-3 - -8 - -12).
-7
What is the value of 2 - -3 - (13 + -12) - 8?
-4
Calculate (13 - (-8 + 0)) + -13.
8
Evaluate 2 + -3 - (-7 + 4 + -4).
6
Evaluate -1 + 1 + -6 + (4 - -5).
3
10 + -11 + (-8 - -4)
-5
Evaluate 6 - (-1 + 5 - -1).
1
Calculate 7 - (26 + -11 + -1).
-7
What is the value of 21 - (16 - 11) - 12?
4
What is 6 - ((0 - 2) + -4 + 6)?
6
Evaluate 28 + -30 + (-5 - 0) + 5.
-2
12 - 11 - (-1 - 3) - 6
-1
What is the value of -5 + -1 + -5 + (-13 - -26)?
2
What is 0 + 2 + 3 - (1 - -2)?
2
1 - (0 + 2) - (0 - -2)
-3
Calculate 5 - (-6 - -6 - -7).
-2
Evaluate -2 + 5 - ((1 - -6) + -2).
-2
What is -5 - (-10 - -10) - -8?
3
What is (0 - 2) + -6 + (1 - -9)?
2
Evaluate -11 - -11 - (6 - (-1 - -1)).
-6
What is the value of (-2 + 1 - (6 - 4)) + 3?
0
What is the value of -4 + (-2 - -1) + (-1 - -1)?
-5
1 + -2 - (2 + 0)
-3
Evaluate 3 + (2 - (2 + 0 - -3)).
0
Evaluate 1 + (-3 - -4) + (0 - 0).
2
Evaluate 5 + (-22 + 4 - -1) + 6.
-6
What is the value of -1 + -1 + -106 + 119?
11
What is 0 - 5 - -4 - (1 + 0)?
-2
Evaluate 2 - 1 - (0 + -1).
2
5 + (2 - 4) + 1
4
1 + (-3 - 3 - -10)
5
Evaluate 3 + -14 + -12 + 19 + -1.
-5
What is the value of 4 + -6 + (1 + 6 - 2)?
3
What is the value of 19 + -20 + 0 + -1?
-2
1 - 2 - 1 - 2
-4
Calculate -15 - (-1 + -12 + 3).
-5
What is (2 - -4) + 8 + (5 - 12)?
7
What is the value of 17 + -1 + -4 - 10?
2
Evaluate ((-6 - -2) + 11 - 14) + 14.
7
(-6 - -1) + 14 + -3
6
-6 + (6 - -7) + -8
-1
10 + -2 + -1 - 13
-6
Evaluate 2 + (-11 - -6) + -8 + 5.
-6
Evaluate -8 + (-2 - (-8 + 1)).
-3
What is the value of (7 - 16 - -3) + 12?
6
What is the value of -8 - (4 + -6) - -3?
-3
What is 15 + -6 + -3 - (16 + -1)?
-9
What is 0 + (0 - (-2 - -2))?
0
1 + 9 + -2 + (3 - 5)
6
What is 1 - 13 - (0 - 7)?
-5
Calculate -1 - (1 - (3 - (0 + 0))).
1
What is the value of -4 - (-6 + 5 + 0)?
-3
Calculate 6 + 2 + 5 + (-8 - -3).
8
-5 - (1 - (5 - 0 - 2))
-3
Evaluate -3 + 9 + 3 + -5.
4
-1 + 8 + 28 + -32 + 0
3
3 + (7 - (-5 + 17))
-2
Calculate 5 - (-1 + 4) - 0.
2
Evaluate -29 - -24 - (1 + 0) - -3.
-3
Evaluate 0 + -8 + 5 + -5 + 2.
-6
Calculate 0 - 0 - 3 - (1 + -3).
-1
Evaluate -11 + 16 + -3 + 0.
2
What is the value of 10 + -1 - 10 - 0?
-1
1 + 3 - (16 - 16)
4
-5 - (2 + -11 + 10)
-6
What is the value of (-2 - 8) + (2 - -8)?
0
What is the value of 7 + -13 - (-21 + 13)?
2
-1 + 1 + (-25 - -21)
-4
What is 3 + 0 + -6 - 0?
-3
What is the value of -7 + 14 - (16 - 2)?
-7
Evaluate -1 + -1 - (-2 + 0 + 2).
-2
Evaluate -3 + 1 + 4 + (-3 - 7).
-8
What is 2 + -5 - -5 - (3 + -1)?
0
Evaluate -4 - (4 + -8) - (5 - 0).
-5
What is the value of -1 + -2 + 5 - (-15 + 13)?
4
What is the value of 3 - -1 - (5 - -1)?
-2
What is the value of (-3 - 0 - -10) + 0 - 3?
4
What is -8 + 11 + -10 + 0?
-7
Calculate (18 - 23) + (7 - 1).
1
What is the value of 0 - (8 + 1 - (9 - 4))?
-4
Evaluate -12 - (2 + -10) - -2.
-2
Calculate (0 - 3) + 3 + 3 + 2.
5
-23 - -19 - (0 - -2 - 4)
-2
What is -18 + 7 - (-3 - 3)?
-5
What is 12 + -2 + -3 + 4 + -6?
5
-2 + 2 + (-2 - -5)
3
Calculate (-2 - -8) + 3 + -4.
5
What is the value of -1 - (2 - (7 - 2))?
2
Evaluate -1 + (-2 - (0 + 6)) + -1.
-10
What is -3 + -1 + 0 + 9?
5
-6 + 4 + 5 + 4 + -5
2
What is 0 - (-6 + 4) - (11 + -5)?
-4
Evaluate 0 + (7 - (10 - (3 - -1))).
1
Calculate 11 + (-14 + -2 - -7).
2
Evaluate 1 + -1 - (4 - (-3 - -4)).
-3
What is the value of (8 - 2) + -15 - -6?
-3
Calculate -3 + (8 - 2) + 0 + -1.
2
What is the value of -37 - -39 - (-2 - -10)?
-6
Evaluate (11 - (6 + -1)) + (-5 - -1).
2
Evaluate 7 + (-2 + 7 - 3) + -8.
1
What is the value of -5 + -5 + 2 + -9 + 16?
-1
What is the value of -1 - -1 - (-5 + 9)?
-4
6 + 0 + -8 + -4
-6
Calculate -2 + 2 - (0 - (-1 + 2)).
1
What is the value of 12 + -5 - (-5 + 12)?
0
What is 0 - (6 + -4 - 5) - 2?
1
What is the value of -5 - 17 - (-9 + -5)?
-8
What is 2 + -9 - (-13 + 2)?
4
Calculate 2 - (-3 - -4 - -1).
0
What is the value of 7 + 1 - (1 + 1)?
6
What is -1 - (5 + (-5 - -1)) - 2?
-4
Calculate -1 - (-6 + 6 + 4).
-5
-3 + 5 + (-4 - -3) + 3
4
1 + 13 - (-1 + 5)
10
(3 - 5) + 5 + -6 + 0
-3
(-7 - -6) + -1 + -1 + -2
-5
What is the value of -5 - (-5 - (2 - -2))?
4
-3 - ((3 - -14) + -12)
-8
Evaluate (-3 - (-8 + 2 + -3)) + -11.
-5
What is 8 + (-4 - (0 - -4))?
0
Evaluate 4 - (0 - -3 - (2 - -2)).
5
0 - 4 - (-45 + 37)
4
Calculate -7 + 3 + 5 + (2 - 6).
-3
Calculate 10 - 9 - (0 + 3).
-2
What is 0 + (0 - ((-2 - -2) + -4))?
4
Calculate 1 + (-6 - (4 + -3 + -3)).
-3
Evaluate 2 - (-6 - -1) - 4.
3
Evaluate -1 + 3 - (29 + -27).
0
Calculate 25 - 24 - (0 + -1 + 1).
1
0 + 3 + (-33 - -29)
-1
What is -8 + 8 + -4 - (2 - 3)?
-3
Calculate (2 - -7) + 1 + -5.
5
Evaluate -9 + 10 + -6 + -3 + 3.
-5
What is the value of (0 - (-2 + 1)) + (-47 - -48)?
2
Calculate -1 + -2 + -2 + (3 - -3).
1
Calculate (-10 - -6) + 0 + 1.
-3
(-1 - 7 - -2) + 1
-5
What is 11 - (6 + -8 - -6)?
7
Evaluate -4 + (-5 - -1 - -4).
-4
Evaluate (1 - (-3 + 3)) + -2.
-1
5 - (3 - (0 + 2) - -4)
0
Evaluate 3 + -1 + 7 + -4 + 2.
7
What is the value of -6 - (-7 + 6) - -6?
1
Evaluate 7 + -1 - (4 - 3 - 0).
5
Calculate 3 - (8 - (3 - -1)).
-1
What is -4 + (7 - (-4 + 0)) + -2?
5
8 - (14 + (0 - -1))
-7
Evaluate (0 - -8) + -16 - -8.
0
What is -4 + 17 + (4 - 9)?
8
What is the value of (0 - 1) + -1 + (1 - 0)?
-1
Calculate 0 + (4 - ((2 - -2) + -3)).
3
What is the value of (2 - 8) + 11 - (-2 + 6)?
1
Calculate (-3 - -6) + 5 + -3.
5
-3 + (1 - (-1 + 1 + -7))
5
Calculate (6 - 2) + (11 - 2 - 9).
4
What is 10 + (-5 - 0 - 1 - -1)?
5
Calculate (-3 - 5 - (0 - 3)) + 0.
-5
Evaluate 4 + 6 + -12 + 6 + -2.
2
What is the value of 4 + (-4 - 2) + (6 - 2)?
2
What is the value of 4 + -7 - -5 - 1?
1
What is 12 + 0 + (-7 - 3)?
2
Evaluate -1 + (-1 - -6 - (6 + -4)).
2
What is the value of -9 + 10 + (0 - -1) + -2?
0
What is the value of 8 - (17 + -7 - 5)?
3
-2 + 4 - (3 + (-2 - -1))
0
Calculate -10 + (9 - 4 - 1).
-6
-15 + 20 + (2 - 6)
1
-4 + (-4 - -4 - 2)
-6
0 + 17 + -9 - 2
6
Evaluate 5 + (9 - 9) + 0.
5
5 + -3 + 3 - (1 + 2)
2
Calculate -15 - (-18 - (-20 + 10)).
-7
Evaluate (2 - -2 - 11) + 3.
-4
What is the value of 11 + -4 - -1 - 9?
-1
What is the value of 6 + -14 + 11 + 1 + -8?
-4
Calculate (0 - 3) + (6 - 4).
-1
What is the value of (-1 - -3) + -33 + 33?
2
3 - ((13 - 10) + -4 + -1)
5
Calculate 3 + (-2 - (-9 + 8)).
2
(-3 - (-4 + (1 - 0))) + 5
5
Evaluate 0 - (1 - 1) - (1 + -5).
4
Calculate (-1 - 2) + 0 + 4.
1
What is the value of (-1 - 1) + 10 + 1 + -14?
-5
Evaluate 3 - (-3 + (5 - 4 - 0)).
5
(102 - 105) + 1 + (-1 - -4)
1
What is -42 - -48 - (-1 - -2 - -2)?
3
-2 - (3 - (1 + 2))
-2
Evaluate 3 - 3 - (4 + 1 + -3).
-2
What is -15 + 14 - (2 - (2 + 3))?
2
-1 + 0 + (5 + 1 - 4)
1
What is the value of -9 + 23 + -14 - (3 + 0)?
-3
Calculate (-4 - -2 - 1) + 10 + -4.
3
Calculate 0 + -3 + -2 + 3 + -3.
-5
What is 4 + (-11 - 2) + 2?
-7
What is -5 + (2 - 0) - -5?
2
-4 - (-1 + 3) - (-30 + 18)
6
What is -4 + (19 - (-11 - -21))?
5
Evaluate -5 + (7 - (-5 + 0)) - 5.
2
What is the value of -3 + 1 + -2 + 2?
-2
What is the value of 10 + -7 - (1 - 2)?
4
Evaluate 1 + (0 - 1 - 5).
-5
What is the value of -5 + 1 + 13 + 0 + -5?
4
What is the value of 0 + (-7 - -5) + (-1 - 0)?
-3
Calculate (-7 - 11) + 8 + 15.
5
What is 0 + -5 - (-11 + 8)?
-2
What is the value of (-256 - -247) + (15 - 1)?
5
Evaluate -2 + 1 + 10 + -4.
5
2 + 3 + -6 - -2 - 0
1
Calculate 3 + 6 + -5 + -3.
1
Calculate 10 + -2 + 2 + -8.
2
What is (1 - -1) + (-7 - (-3 - -1))?
-3
Calculate 10 - (11 + -7 - -6).
0
What is the value of (-3 + 1 - (-1 + -2)) + 1?
2
Calculate 4 + -1 + -2 + 1.
2
What is (39 - 25) + 0 + -7?
7
Evaluate 3 + -1 + 3 - 1.
4
21 + (-22 - -12) + -5
6
What is (5 + -14 - -4) + 7?
2
What is the value of 0 - (6 + 0 + -4)?
-2
Calculate -1 + 24 + (8 - 21).
10
Evaluate -2 - -5 - (22 + -19).
0
Evaluate (-11 - (-12 + 10)) + 7.
-2
What is the value of 2 + 5 + -15 + 2 - -3?
-3
1 + (1 + 1 - (0 - 2))